-111232?
-110333
In base 6, what is -3300 - 0?
-3300
In base 2, what is -11000 + -1010010110001?
-1010011001001
In base 7, what is 624 + 234?
1161
In base 7, what is -15600 + 1362?
-14205
In base 14, what is 2 + -c595?
-c593
In base 15, what is -47 + -143bc?
-14414
In base 5, what is 40 + -111420?
-111330
In base 13, what is 2276c - -2?
22771
In base 15, what is 735e5 - -a?
73600
In base 5, what is 1 - 2344?
-2343
In base 14, what is 195 - 11d?
76
In base 5, what is -332031 + -12?
-332043
In base 10, what is 1219 + -18?
1201
In base 2, what is 101011100 + 10001111101?
10111011001
In base 7, what is 4 - -102560?
102564
In base 10, what is -5 + -428071?
-428076
In base 8, what is 15 - 61071?
-61054
In base 6, what is -1240 + 12434?
11154
In base 2, what is -10000 + 11101101?
11011101
In base 11, what is -3 + -650322?
-650325
In base 6, what is -2 - -405024?
405022
In base 6, what is -2444 - 23?
-2511
In base 6, what is 10 + -425000?
-424550
In base 11, what is -3511 + -139?
-364a
In base 4, what is 1111013021 + -11?
1111013010
In base 8, what is -3024722 + 2?
-3024720
In base 6, what is 1315334 + 111?
1315445
In base 11, what is -1 + 30152?
30151
In base 4, what is 21 + -1120122?
-1120101
In base 16, what is 255b + -1?
255a
In base 8, what is -174 + 13?
-161
In base 6, what is 4 - 35302450?
-35302442
In base 6, what is 411 - -252452?
253303
In base 11, what is -2 - 139118?
-13911a
In base 11, what is -314 + 4a4?
190
In base 16, what is 6 - 655?
-64f
In base 11, what is -37 - 1204?
-1240
In base 14, what is -1 - -98235?
98234
In base 8, what is -4417 + -45?
-4464
In base 11, what is -3 + -148a07?
-148a0a
In base 15, what is -626 - a?
-631
In base 13, what is 2c1a + -b?
2c0c
In base 15, what is 35790a - -3?
35790d
In base 6, what is 21 + 24231?
24252
In base 15, what is -3 + 1c05?
1c02
In base 3, what is -1 + -102200110?
-102200111
In base 7, what is -35150 - 6?
-35156
In base 2, what is -101 + -111101100111?
-111101101100
In base 15, what is 1337 - 0?
1337
In base 10, what is 78205 - 21?
78184
In base 4, what is 131 - 20322102?
-20321311
In base 11, what is 15567 + 91?
15648
In base 14, what is -2 - 613?
-615
In base 15, what is 19d26 - 0?
19d26
In base 8, what is 10007 - 31?
7756
In base 4, what is 201311 + -20?
201231
In base 2, what is 110001 + -10110011100010?
-10110010110001
In base 16, what is -3 + -44677?
-4467a
In base 5, what is 142030 + 20?
142100
In base 16, what is 3bdf + 6?
3be5
In base 3, what is -222111011010 + 12?
-222111010221
In base 4, what is 2021232012 - -12?
2021232030
In base 12, what is -117b + -b2?
-1271
In base 8, what is -13 + 622115?
622102
In base 3, what is 12 + -101002120?
-101002101
In base 4, what is 3131010 + 200?
3131210
In base 12, what is -8409 - 60?
-8469
In base 15, what is 10 - 19dc3?
-19db3
In base 8, what is -2 + -143151?
-143153
In base 6, what is 20 + 2551?
3011
In base 9, what is -26143 + 21?
-26122
In base 12, what is 24 - 3210?
-31a8
In base 3, what is -12 - -12202010?
12201221
In base 11, what is 705898 + -1?
705897
In base 4, what is -12322 + 10020?
-2302
In base 7, what is 511 - 116?
362
In base 6, what is 405033 + 15?
405052
In base 12, what is -23 + -257a?
-25a1
In base 2, what is -111111 + 101000010011111?
101000001100000
In base 6, what is 5 + 212013?
212022
In base 6, what is 22 - 1531?
-1505
In base 12, what is 89b - 6b?
830
In base 2, what is -10110111100 - -1000110?
-10101110110
In base 12, what is -5 + -2ab7?
-2b00
In base 10, what is -91921 + 76?
-91845
In base 14, what is -3216 + -2?
-3218
In base 4, what is -1 - -31103231?
31103230
In base 4, what is -21013200 - 11?
-21013211
In base 5, what is 10332034 - -10?
10332044
In base 8, what is 1734 + -3?
1731
In base 10, what is -6524 + 0?
-6524
In base 15, what is aee21 - -1?
aee22
In base 12, what is 17a + 3a?
1b8
In base 9, what is 573636 - -1?
573637
In base 15, what is -1191 - 1c?
-11ad
In base 12, what is 91 + ab93?
b064
In base 11, what is 0 + -36a803?
-36a803
In base 10, what is 693 + -16?
677
In base 7, what is 2524 + -4065?
-1241
In base 14, what is 1c7 + -3c?
189
In base 8, what is -3272 - 21?
-3313
In base 4, what is 11 - 10021201322?
-10021201311
In base 12, what is 1 - 6528?
-6527
In base 8, what is 410 - 3006?
-2376
In base 2, what is 1000000011 - -110?
1000001001
In base 8, what is 4706 + -1?
4705
In base 9, what is -23352 - 146?
-23508
In base 15, what is -122ad - 56?
-12314
In base 5, what is -1 - 130131002?
-130131003
In base 14, what is -75 - -109?
74
In base 11, what is 4 + -120962?
-120959
In base 9, what is 0 + -1770?
-1770
In base 6, what is 514 - -120?
1034
In base 10, what is -38147 - -2?
-38145
In base 15, what is 186 - 68?
11d
In base 5, what is -23 + -321124?
-321202
In base 5, what is 1002 + -1304?
-302
In base 5, what is -30133 - -111?
-30022
In base 8, what is -2100 + -1070?
-3170
In base 16, what is -57 - 325f?
-32b6
In base 12, what is -4029a - 8?
-402a6
In base 11, what is 15 - 5138?
-5123
In base 12, what is 14 - 932?
-91a
In base 10, what is -1609 + 196?
-1413
In base 16, what is -94dd + -20?
-94fd
In base 5, what is -3343 + -300?
-4143
In base 16, what is -466 - -6?
-460
In base 8, what is -3 - -33650?
33645
In base 12, what is -1 + 994?
993
In base 12, what is -826b6 - -5?
-826b1
In base 3, what is -1120012 - -2202?
-1110110
In base 2, what is 11 - -1010110110011?
1010110110110
In base 16, what is 5 - -278d?
2792
In base 15, what is ab + c?
b8
In base 16, what is aa + -3d?
6d
In base 9, what is -3443 - -2221?
-1222
In base 7, what is -1044462 - -3?
-1044456
In base 3, what is -21121 + -10120110?
-10212001
In base 6, what is -1455 - 11?
-1510
In base 12, what is 191a - -44?
1962
In base 16, what is -4 + 46bf3?
46bef
In base 15, what is 2d304 - -8?
2d30c
In base 9, what is 245 - 422?
-166
In base 14, what is 3 + 104c7?
104ca
In base 5, what is 433111 + 4?
433120
In base 11, what is 86 - -3451?
3527
In base 5, what is -201 - -14122?
13421
In base 5, what is 10 + 2031030?
2031040
In base 15, what is -2 + 4709?
4707
In base 12, what is 2813953 + 1?
2813954
In base 15, what is -473 + 1e?
-454
In base 6, what is 10143 + -255?
5444
In base 7, what is 11 + -10001?
-6660
In base 11, what is -420a16 + -3?
-420a19
In base 10, what is 5 + 13462?
13467
In base 6, what is 52142 - 40?
52102
In base 8, what is 4 + 33330?
33334
In base 7, what is 1 + 100026?
100030
In base 3, what is 211100 + 1102?
212202
In base 11, what is -9 + 110?
102
In base 16, what is -45a - -267?
-1f3
In base 7, what is 16614 + 0?
16614
In base 5, what is 10 + -3002422?
-3002412
In base 6, what is 2221 + -142?
2035
In base 4, what is -200 - -2001232?
2001032
In base 12, what is 248a + 6?
2494
In base 4, what is 2 + 20303121?
20303123
In base 7, what is -1334 - -14?
-1320
In base 4, what is -3 + 11022220?
11022211
In base 15, what is b7d - 48?
b35
In base 5, what is 40132 - -2332?
43014
In base 9, what is 460215 - -4?
460220
In base 3, what is -10 - -2102120010?
2102120000
In base 15, what is 33a6 + 272?
3628
In base 15, what is b + dd57?
dd63
In base 6, what is 214143 + -2?
214141
In base 6, what is -51025 - -22?
-51003
In base 8, what is 5137 - -25?
5164
In base 4, what is 1100023 + 123?
1100212
In base 2, what is -1001000001 + -111011100101?
-1000100100110
In base 15, what is -75 + -1ab6?
-1b3b
In base 13, what is 5084 - 5?
507c
In base 2, what is 1111 - -101100110111000?
101100111000111
In base 12, what is -4bb79 + 22?
-4bb57
In base 12, what is -2 + -5b5a?
-5b60
In base 4, what is 2 + 311011010?
311011012
In base 9, what is -86 + 12548?
12452
In base 12, what is -35a46 - 6?
-35a50
In base 9, what is 101853 + 21?
101874
In base 6, what is 10413 - -101?
10514
In base 4, what is 22112 + 3110?
31222
In base 13, what is 58 - -143a?
1495
In base 14, what is 3401 - cd?
3312
In base 16, what is -4 + 205a?
2056
In base 5, what is -1202424403 + -10?
-1202424413
In base 4, what is 2 - -1322222133?
1322222201
In base 8, what is -1 - -126245?
126244
In base 14, what is 39 + -3c?
-3
In base 13, what is -1 + -1159a?
-1159b
In base 4, what is -220200 - -10?
-220130
In base 10, what is -334 + -524?
-858
In base 8, what is 0 - -25003?
25003
In base 3, what is 1112010 - 1002000?
110010
In base 9, what is -24881 - 1?
-24882
In base 12, what is -298 + -52?
-